.
-1
What is 0 (base 9) in base 6?
0
What is -13 (base 4) in base 13?
-7
Convert 10 (base 9) to base 12.
9
Convert -2 (base 8) to base 6.
-2
What is 0 (base 9) in base 10?
0
What is 3 (base 16) in base 7?
3
What is 12200 (base 3) in base 14?
ad
-1d (base 16) to base 11
-27
What is 44 (base 8) in base 14?
28
What is -4 (base 9) in base 16?
-4
17 (base 12) to base 6
31
-3 (base 4) to base 5
-3
What is -23 (base 4) in base 9?
-12
Convert 27 (base 8) to base 14.
19
What is -107 (base 9) in base 4?
-1120
Convert 1131 (base 6) to base 14.
155
Convert 4c (base 15) to base 3.
2200
Convert 71 (base 8) to base 13.
45
153 (base 9) to base 14
93
What is 210 (base 3) in base 6?
33
What is -9 (base 12) in base 5?
-14
Convert 3 (base 11) to base 7.
3
1000 (base 2) to base 10
8
What is -4 (base 9) in base 13?
-4
16 (base 11) to base 6
25
-9 (base 15) to base 2
-1001
-14 (base 9) to base 14
-d
-100110 (base 2) to base 8
-46
What is 59 (base 14) in base 9?
87
125 (base 9) to base 4
1220
1423 (base 6) to base 8
567
Convert -42 (base 5) to base 4.
-112
303 (base 4) to base 3
1220
Convert -1320 (base 4) to base 10.
-120
What is 35 (base 9) in base 6?
52
-335 (base 8) to base 5
-1341
-25 (base 8) to base 6
-33
-3 (base 13) to base 9
-3
0 (base 15) to base 10
0
2 (base 8) to base 12
2
20 (base 15) to base 14
22
Convert -110 (base 3) to base 15.
-c
Convert 0 (base 11) to base 15.
0
100100 (base 2) to base 3
1100
What is 41 (base 5) in base 15?
16
Convert 2 (base 16) to base 9.
2
-1 (base 16) to base 13
-1
58 (base 10) to base 12
4a
What is 16 (base 15) in base 9?
23
Convert -10 (base 13) to base 7.
-16
What is 11 (base 3) in base 11?
4
Convert 2c (base 14) to base 6.
104
3 (base 5) to base 2
11
What is 10020 (base 4) in base 14?
14c
Convert -45 (base 11) to base 3.
-1211
What is 3130 (base 4) in base 5?
1340
What is -131 (base 4) in base 8?
-35
Convert -255 (base 7) to base 13.
-a8
164 (base 12) to base 9
264
Convert 9 (base 14) to base 4.
21
-10 (base 2) to base 15
-2
Convert 2 (base 4) to base 15.
2
Convert 211 (base 5) to base 8.
70
Convert -1a (base 11) to base 3.
-210
-1 (base 11) to base 13
-1
-201 (base 5) to base 2
-110011
Convert -34 (base 6) to base 5.
-42
0 (base 7) to base 14
0
Convert 100000 (base 2) to base 13.
26
What is -4 (base 5) in base 13?
-4
What is 12 (base 11) in base 9?
14
0 (base 4) to base 12
0
0 (base 2) to base 8
0
62 (base 8) to base 15
35
Convert -5 (base 14) to base 5.
-10
Convert 67 (base 12) to base 3.
2221
Convert 3 (base 12) to base 9.
3
Convert -2 (base 16) to base 10.
-2
Convert -111 (base 3) to base 6.
-21
-20 (base 4) to base 3
-22
Convert 2 (base 9) to base 14.
2
What is -4 (base 9) in base 8?
-4
What is cc (base 15) in base 8?
300
16 (base 11) to base 8
21
-2 (base 6) to base 14
-2
b (base 12) to base 10
11
Convert -151 (base 15) to base 8.
-455
What is 12 (base 15) in base 12?
15
Convert -11 (base 7) to base 6.
-12
Convert 4 (base 7) to base 15.
4
Convert -25 (base 14) to base 13.
-27
What is -1 (base 8) in base 9?
-1
What is -1 (base 9) in base 6?
-1
0 (base 3) to base 11
0
What is 4 (base 11) in base 6?
4
-127 (base 10) to base 2
-1111111
Convert -11 (base 5) to base 8.
-6
What is -76 (base 10) in base 14?
-56
-2 (base 14) to base 6
-2
What is -25 (base 12) in base 16?
-1d
What is 2b (base 15) in base 9?
45
Convert -37 (base 8) to base 7.
-43
4 (base 9) to base 8
4
c8 (base 16) to base 9
242
27 (base 11) to base 3
1002
Convert -ad (base 14) to base 9.
-180
Convert 10 (base 5) to base 12.
5
Convert 10010000 (base 2) to base 6.
400
-42 (base 5) to base 11
-20
Convert -116 (base 9) to base 10.
-96
What is -1 (base 2) in base 4?
-1
What is 102 (base 7) in base 3?
1220
What is -46 (base 9) in base 15?
-2c
2 (base 9) to base 5
2
Convert -60 (base 10) to base 2.
-111100
Convert 7 (base 9) to base 4.
13
What is a (base 12) in base 8?
12
What is -b (base 12) in base 7?
-14
-1 (base 4) to base 16
-1
What is 11100 (base 3) in base 10?
117
4 (base 14) to base 10
4
What is 0 (base 15) in base 13?
0
What is -3 (base 5) in base 15?
-3
What is 123 (base 4) in base 8?
33
What is -6 (base 10) in base 5?
-11
Convert 33 (base 9) to base 11.
28
What is 4 (base 12) in base 16?
4
Convert -20 (base 4) to base 7.
-11
Convert 10 (base 2) to base 10.
2
What is 6 (base 9) in base 6?
10
Convert 232 (base 5) to base 2.
1000011
Convert d2 (base 14) to base 7.
352
2 (base 14) to base 16
2
Convert -a0 (base 15) to base 10.
-150
What is -2 (base 15) in base 2?
-10
-12 (base 5) to base 8
-7
What is -110010 (base 2) in base 11?
-46
Convert 2 (base 16) to base 13.
2
What is -2 (base 4) in base 11?
-2
Convert -14 (base 11) to base 3.
-120
What is -11 (base 2) in base 9?
-3
What is 102 (base 3) in base 7?
14
Convert -210 (base 3) to base 5.
-41
Convert -16 (base 13) to base 4.
-103
-12 (base 6) to base 4
-20
0 (base 2) to base 10
0
Convert -144 (base 5) to base 10.
-49
Convert -ba (base 14) to base 11.
-13a
-c (base 15) to base 4
-30
3 (base 11) to base 8
3
Convert 0 (base 13) to base 14.
0
What is 211 (base 13) in base 2?
101100000
What is a (base 11) in base 8?
12
What is 1 (base 4) in base 3?
1
What is 20 (base 12) in base 10?
24
What is -1100100 (base 2) in base 13?
-79
Convert 1001 (base 3) to base 7.
40
Convert -4 (base 10) to base 4.
-10
Convert 0 (base 8) to base 9.
0
-9 (base 11) to base 15
-9
232 (base 7) to base 13
94
-1212 (base 6) to base 11
-24a
-206 (base 10) to base 11
-178
3 (base 7) to base 15
3
What is a (base 14) in base 11?
a
Convert 7 (base 12) to base 11.
7
-301 (base 5) to base 7
-136
What is 3 (base 9) in base 13?
3
Convert 134 (base 7) to base 9.
82
What is -162 (base 7) in base 8?
-135
Convert 1 (base 6) to base 12.
1
What is 11 (base 4) in base 8?
5
What is 4 (base 15) in base 4?
10
What is -3 (base 6) in base 11?
-3
Convert 3 (base 9) to base 13.
3
Convert -19 (base 13) to base 9.
-24
-44 (base 12) to base 13
-40
What is 0 (base 4) in base 13?
0
-5 (base 13) to base 14
-5
What is 8 (base 16) in base 12?
8
-15 (base 8) to base 11
-12
-10 (base 4) to base 11
-4
-103 (base 4) to base 8
-23
What is 7 (base 13) in base 5?
12
d (base 14) to base 3
111
-79 (base 15) to base 2
-1110010
-92 (base 11) to base 2
-1100101
Convert -20 (base 12) to base 16.
-18
What is 54 (base 14) in base 9?
82
Convert 1 (base 14) to base 5.
1
Convert 2222 (base 3) to base 15.
55
Convert 27 (base 14) to base 2.
100011
Convert 1 (base 8) to base 2.
1
Convert -4 (base 8) to base 5.
-4
Convert -21 (base 3) to base 2.
-111
What is -18 (base 11) in base 6?
-31
-5 (base 9) to base 14
-5
285 (base 9) to base 14
131
216 (base 7) to base 16
6f
8 (base 12) to base 7
11
Convert 10 (base 2) to base 12.
2
Convert -101 (base 3) to base 8.
-12
Convert 32 (base 8) to base 16.
1a
3 (base 6) to base 10
3
Convert -100 (base 2) to base 14.
-4
What is 4a (base 13) in base 16?
3e
-11 (base 2) to base 10
-3
-43 (base 5) to base 4
-113
-1a (base 15) to base 5
-100
What is -1111 (base 2) in base 13?
-12
What is 23 (base 14) in base 4?
133
Convert 211 (base 12) to base 16.
12d
What is -1 (base 7) in base 16?
-1
25 (base 9) to base 8
27
Convert 103 (base 6) to base 13.
30
What is 2 (base 15) in base 8?
2
-1 (base 2) to base 16
-1
What is -222 (base 3) in base 7?
-35
Convert 6 (base 9) to base 16.
6
14 (base 7) to base 5
21
-16 (base 16) to base 4
-112
39 (base 14) to base 3
1220
5 (base 11) to base 6
5
-1 (base 12) to base 5
-1
What is -2 (base 8) in base 5?
-2
-9 (base 15) to base 8
-11
Convert 22 (base 10) to base 9.
24
111 (base 3) to base 16
d
Convert 313 (base 6) to base 5.
432
1001 (base 2) to base 8
11
What is 21 (base 3) in base 7?
10
Convert -1d (base 16) to base 6.
-45
2 (base 16) to base 10
2
Convert -2 (base 11) to base 4.
-2
1 (base 3) to base 7
1
11303 (base 4) to base 14
1c7
-1 (base 16) to base 5
-1
What is 1 (base 7) in base 15?
1
Convert 0 (base 6) to base 3.
0
Convert -16 (base 9) to base 12.
-13
What is -1 (base 11) in base 7?
-1
-8 (base 14) to base 13
-8
Convert 15 (base 11) to base 16.
10
Convert 3 (base 11) to base 14.
3
What is -1010111 (base 2) in base 4?
-1113
44 (base 5) to base 16
18
What is 1 (base 2) in base 12?
1
What is -14 (base 7) in base 9?
-12
13 (base 6) to base 7
12
What is -25 (base 13) in base 11?
-29
What is -110 (base 11) in base 12?
-b0
What